t q be (-2)/(-5) - (-6)/60*-74. What is the units digit of -361*7/q - 1*-5?
6
Suppose -148*n + 38*n + 431620 = 30*n. What is the hundreds digit of n?
0
Let o(d) = d**3 + 5*d**2 + 3*d + 20. Let s be o(-5). Let a be (2/6*-1)/(s/(-75)). Suppose -a*t = -f - 2*t + 167, -3*f + t = -501. What is the units digit of f?
7
Suppose 7*x = 5*f + 2*x + 265, 2*f = -5*x - 106. What is the units digit of (0 - f)/((-2)/(-14))?
1
Let z(b) = -b**3 - 4*b**2 - 4*b - 10. Let l be z(-4). Suppose -2 = -l*w + 16. Suppose -3*r = -15, 2*c + 2*r - 35 = -w*r. What is the units digit of c?
5
Suppose -2*j - 3*g = -45 - 3, -j + 5*g = -37. Let m = -24 + j. Suppose 2 + 10 = 4*h, -3*l = -m*h - 144. What is the tens digit of l?
5
Let f = -343 + 339. What is the units digit of f*(-15)/(-7)*91/(-2)?
0
Let r(s) = -31*s**3 + 25*s**2 + 36*s + 4. What is the units digit of r(-6)?
4
Suppose j - 4*r - 6 = 16, -j - 3*r + 50 = 0. Suppose -36*c + j*c = 24. Suppose 14*v = c*v + 166. What is the units digit of v?
3
Suppose -40*b = -8*b - 2464. What is the units digit of b - -63 - (-2)/1?
2
Let l(z) = 2981*z**2 - 366*z + 5. What is the hundreds digit of l(4)?
2
What is the units digit of 7953140/120 + (-14)/12?
5
Suppose 28*h = -7*h + 16730. Suppose -h*a + 476*a + 2394 = 0. What is the hundreds digit of a?
1
Let p = 19 - 22. Let h be p/((28/520)/(-7)). Let f = -228 + h. What is the tens digit of f?
6
Let v = -4881 + 9897. What is the units digit of v?
6
Suppose 4*o - 34460 = -4*n, -2*o + 6 = o. What is the tens digit of n?
1
Let t = -114 + 130. What is the units digit of (148/t - 10) + (-1971)/(-4)?
2
Let c = -3 + -2. Let x be c/(-10)*10 - -4. Suppose 0 = x*l - 12*l + 408. What is the units digit of l?
6
Suppose 1168*c + 98760 = 1183*c. What is the units digit of c?
4
Let z(x) = 18431*x**3 - 7*x**2 + 11*x - 3. What is the ten thousands digit of z(1)?
1
Suppose 8*b + 5*c = 7*b + 6101, 5*b = -2*c + 30574. Suppose -1755 = -2*t + 3*w + 1285, 4*t + 3*w - b = 0. What is the tens digit of t?
2
Suppose -10*d - 6*d = -32. Suppose -d*x + 5*v + 602 = -x, -5*x + 3*v + 3054 = 0. What is the units digit of x?
2
Suppose 244 = 4*i + 2*h, i + 3*h - 79 = -2*h. Let x = i - 53. Suppose 0 = b + 5*w - 128, -x*b + 581 = -2*b - 3*w. What is the tens digit of b?
4
Let h(z) be the second derivative of -z**4/24 + 20*z**3 - 8*z**2 + 19*z. Let c(y) be the first derivative of h(y). What is the units digit of c(0)?
0
Let p(o) be the third derivative of 17*o**8/20160 - o**6/360 + o**5/60 - 15*o**2. Let j(q) be the third derivative of p(q). What is the tens digit of j(-2)?
6
What is the tens digit of 2 - -37234 - (-11)/(22/18)?
4
What is the hundreds digit of 7/14 - ((-5 - -4) + 94284/(-8))?
7
Let c(y) = -2*y + 1. Let q(n) = -18*n + 62. Let p(m) = 3*c(m) - q(m). What is the tens digit of p(31)?
1
Suppose -15822 = -4*g + 5*w, -g + 3957 = -8*w + 6*w. What is the thousands digit of g?
3
Let c = -483 + 1262. Let z = c - 451. What is the hundreds digit of z?
3
Suppose 0 = 3*c + 3*a - 91083, 3*c - 109*a - 91053 = -106*a. What is the tens digit of c?
5
Let h be 2 - (-6 - 15)/(-3). What is the hundreds digit of (4/(-12))/((15/2403)/h)?
2
What is the units digit of (238 - 235) + (1 - -17949)?
3
What is the units digit of ((-107112)/36)/(1/(-3)) - -1?
7
Let d = -1169 + 1197. Let z = 15 + -6. What is the units digit of z/(2/(d/3))?
2
Let a(f) = f**3 + 2*f**2 + 5*f - 8. Let c be a(6). Suppose -11*k + c = -k. What is the tens digit of k?
3
Let w(c) = c - 10. Let k(g) = 3*g - 39. Let j(i) = 4*k(i) - 18*w(i). Let t be j(4). Suppose t = 5*q - 10*q + 270. What is the units digit of q?
4
Let g = 9128 - -65. What is the tens digit of g?
9
Let q be (-12275)/(-5)*(-2 + (-11)/(-5)). Suppose -703 = -4*k - 3*c, 4*k - 5*c - q = k. What is the tens digit of k?
7
Let f(h) = 23*h - 57. Let c be f(3). Suppose -20*k - c*k = -25344. What is the tens digit of k?
9
Let m(o) be the first derivative of -o**4/4 + 7*o**3/3 - 4*o**2 + 3*o + 88. Let c be 4/16 - 19/(-4). What is the units digit of m(c)?
3
Let y = 4 + 5. Let m be (-313 + 5)*(-6)/21. Let i = m - y. What is the units digit of i?
9
Let v(h) = -h**3 - 10*h**2 + 7*h + 23. Let b be v(-11). Let s = 180 - b. What is the units digit of s?
3
Let f be -12*(-7)/((-196)/(-63)). Let v(n) = 12*n + 128. What is the tens digit of v(f)?
5
Suppose 0 = 5*w - 19 + 14, -d + 16 = 2*w. Suppose 34*z - 12060 = d*z. What is the hundreds digit of z?
6
Let a(m) = 54*m - 99. Let y be a(16). Let f = y + -388. What is the hundreds digit of f?
3
Let k be (19325/(-2))/(-25) + (-1)/2. Suppose 32*x + k = 5090. What is the units digit of x?
7
Let k be ((-4)/(-6) + (-1902)/(-36))*6. Suppose -v + k = s + 74, -736 = -3*s - 4*v. What is the tens digit of s?
5
Let t = -34 + 29. What is the tens digit of -2 + 737 + (0 - t - 0)?
4
Suppose 0 = -n + 4, 5*a = 2*a + 3*n + 492. Let r = a + -96. Suppose -r - 248 = -4*u. What is the tens digit of u?
8
Suppose -150473 = -65*o + 322467. What is the thousands digit of o?
7
Suppose -12*m - 63 = -5*m. Let a = m - -21. Suppose -17*c + 625 = -a*c. What is the tens digit of c?
2
Suppose -4*x = -3*d - 146, -4*x + 3*x - 3*d = -29. Let f(h) = -10*h + 94. Let b be f(9). Suppose -20 = b*z, 0 = 3*u - 0*z - z - x. What is the tens digit of u?
1
Let n(c) = -2*c - 11. Let d be n(-7). Suppose 4*p = d*m - 18 - 9, -20 = -4*m. What is the tens digit of ((-2)/6)/(p/171)?
1
Let b(i) = i**2 + 1. Let n be b(0). Let q be 8 + -4 - (n - -1). Suppose -2*c = -a + 250, -3*c = -3*a + q*c + 748. What is the units digit of a?
6
Let l be 212951/(-366) - (-1*2)/(-12). Let a = l + 941. What is the tens digit of a?
5
What is the units digit of ((-6)/8 - 3*(-110)/(-24))*-652?
4
Suppose -5*m + s + 8312 = 0, 5*m + 4*s = -0*s + 8302. Let c = -982 + m. What is the units digit of c?
0
Let s(a) = 19*a**2 - 14*a - 34. Let k be s(11). Suppose -5675 - k = -17*w. What is the hundreds digit of w?
4
What is the hundreds digit of ((-351)/15 - -7)*-625?
2
Let u = 25 - 11. Suppose v - 28 = u. Let w = 64 - v. What is the tens digit of w?
2
Let g(y) = -y**3 - 10*y**2 - 5*y + 16. Let b be g(-7). Let h = b - -477. What is the units digit of h?
1
Let q(m) = 21*m + 51. Let b be q(-15). Let n = 909 + b. What is the tens digit of n?
4
Suppose t - 164728 = -4*k + 105328, 3*k + 3*t = 202551. What is the ten thousands digit of k?
6
Suppose 0 = k + 17*k + 8*k - 268866. What is the tens digit of k?
4
Suppose 0 = -157*i - 117*i + 6425018 + 5082982. What is the ten thousands digit of i?
4
Let f(t) = 24*t**3 + 7 + 3*t + 2*t**2 + 17*t**3 - 54*t**3. What is the units digit of f(-3)?
7
Suppose 5*y = -0*y + 4*q + 2800, -4*q + 2840 = 5*y. Suppose -4*a + l + y = 0, -4*a - 5*l + 2*l + 548 = 0. Let o = -33 + a. What is the hundreds digit of o?
1
What is the ten thousands digit of 2*(-4)/20 + -5*88202/(-25)?
1
Let k(v) be the second derivative of v**4/3 + 13*v**3/6 + 9*v**2/2 + 14*v. Let s be k(-8). Suppose -4*u + s = -219. What is the tens digit of u?
9
Suppose 0 = o + 17*o - 1062. Suppose -3125 + o = -7*m. What is the units digit of m?
8
Suppose -6*n + n - 3395 = 4*h, -2*h - 1687 = -n. Let k = 1545 + h. What is the units digit of k?
0
Suppose -7*u - 13*u + 1154 = -15366. What is the tens digit of u?
2
What is the tens digit of 4274 - (4 - (-18)/2)?
6
Let g(l) = 4*l**2 + 64*l - 163. What is the units digit of g(-30)?
7
Suppose -q = 3*q + 2*x + 990, 745 = -3*q - 4*x. Let r = q + 869. What is the hundreds digit of r?
6
Suppose 3*g - 94 = -3*b + 2, 5*b - 2*g = 195. What is the hundreds digit of b/(222/1140)*(-18)/(-4)?
8
Suppose -4*w = -3*h + 223 + 117, w - 201 = -2*h. Let i = -4 - -6. Suppose h + 220 = i*c. What is the tens digit of c?
6
Let p be (2/2)/(2 - (-36)/(-16)). Let t be (32/6 + p)*6. What is the tens digit of (-93)/(-5)*40/t?
9
Let o(f) = -f**3 - 10*f**2 - 16*f - 14. Suppose 32 = 5*p - 143. Suppose g + p = -2*y - 2*g, -3*y - 25 = -g. What is the hundreds digit of o(y)?
1
Let m(w) = -122*w - 6733. What is the units digit of m(-63)?
3
Let j = 15 - -32. Suppose 52*p - 2440 = j*p. Suppose -3*d + f + p = 0, d - f = 23 + 137. What is the units digit of d?
4
Suppose 0 = -13*c + 12*c + 61239. Suppose -11019 + c = 36*n. What is the thousands digit of n?
1
Suppose 0 = -9*k + 205 + 443. Suppose -5*u + 3*h = -k, -5*u - h = -0*u - 56. Suppose u*w = 653 - 185. What is the units